4817
Let m(z) = 6971*z - 223073. Determine m(32).
-1
Let j(n) = 160*n - 1355. Determine j(11).
405
Let m(a) = 13*a**2 + 2424*a + 112458. What is m(-100)?
58
Let g(m) = 59*m**2 - 129*m + 38. Determine g(7).
2026
Let y(o) = -2*o**3 + 764*o**2 + 805*o - 14883. Give y(383).
54
Let u(w) = w**3 + 48*w**2 + 44*w - 1999. Determine u(-46).
209
Let o(i) = 4166*i - 16851. Give o(4).
-187
Let y(k) = -32003*k + 1056119. What is y(33)?
20
Let r(b) = -22*b**2 + 70*b + 82. What is r(-3)?
-326
Let o(b) = b**3 - 518*b**2 + 122*b - 63193. Determine o(518).
3
Let l(n) = n**2 - 2941*n - 17622. What is l(-6)?
60
Let u(x) = -2*x**2 - 940*x + 33404. What is u(34)?
-868
Let c(s) = s**2 + 900*s + 131220. Give c(-183).
9
Let i(d) = 10*d**2 + 941*d - 837. What is i(-95)?
18
Let s(b) = b**2 + 146895*b + 1615732. Give s(-11).
8
Let o(d) = -92*d**2 - 2469*d + 711. Determine o(-27).
306
Let t(b) = 52*b**2 - 3826*b + 5911. What is t(72)?
7
Let x(o) = 5*o**3 + 587*o**2 + 1161*o - 34. Determine x(-2).
-48
Let f(z) = 2213*z - 20494. Give f(10).
1636
Let d(u) = -u**3 + 95*u**2 + 6672*u + 251. What is d(142)?
-33
Let c(x) = x**3 - 30*x**2 + 63*x - 28. Give c(27).
-514
Let g(b) = -2*b**2 + 276*b + 4881. Calculate g(157).
-1085
Let t(k) = -5*k**2 + 470*k - 10477. Determine t(37).
68
Let v(g) = -85*g - 2271. Determine v(-30).
279
Let q(i) = -i**3 + 47*i**2 - 328*i - 85. Calculate q(38).
447
Let v(t) = -6*t**3 + t**2 + 1499*t - 4475. Determine v(3).
-131
Let f(m) = -5623*m + 10938. Give f(2).
-308
Let d(z) = z**3 + 63*z**2 + 67*z + 416. Determine d(-62).
106
Let g(v) = -2684*v - 26972. Calculate g(-9).
-2816
Let i(l) = -10*l**2 + 575*l - 4922. What is i(8)?
-962
Let u(l) = 2*l**2 + 2925*l - 50189. Calculate u(17).
114
Let x(i) = i**3 - 6*i**2 - 1294*i - 239. Determine x(-33).
-8
Let g(b) = b**3 + 103*b**2 + 846*b - 28. Give g(-94).
-28
Let l(f) = -f**3 + 616*f**2 + 3096*f + 5587. What is l(621)?
-2
Let r(y) = 2*y**3 - 53*y**2 + 393*y - 88. Determine r(13).
458
Let w(f) = f**3 + 18*f**2 - 45*f - 424. Give w(-19).
70
Let j(i) = -621804*i + 8705261. Determine j(14).
5
Let n(p) = p**3 + 16*p**2 - 23*p + 33. What is n(-17)?
135
Let m(a) = -12428*a + 13397. Calculate m(1).
969
Let q(m) = -3*m**3 - 629*m**2 + 2133*m + 605. What is q(-213)?
-34
Let t(p) = -183*p**2 + 356*p + 1. Calculate t(3).
-578
Let j(p) = 7*p**2 - 5107*p + 96691. Determine j(19).
2185
Let b(n) = -2*n**3 - 535*n**2 + 9379*n + 2111. Give b(-284).
123
Let c(h) = h**3 + 187*h**2 - 180*h + 3449. Calculate c(-188).
1945
Let j(i) = -3*i**3 - 122*i**2 + 69*i + 1221. What is j(-41)?
73
Let r(p) = -1610*p + 125581. Calculate r(78).
1
Let a(w) = 226*w**3 - 50628*w**2 + 897*w - 193. What is a(224)?
31
Let c(l) = 32*l**2 - 278*l + 13. What is c(5)?
-577
Let i(f) = 28*f**2 - 99*f + 192. Calculate i(10).
2002
Let x(f) = -f**2 - 10975*f - 470058. Calculate x(-43).
18
Let t(j) = -j**3 - 4*j**2 + 25*j + 56. Calculate t(4).
28
Let k(u) = -189*u + 838. What is k(6)?
-296
Let m(b) = b**3 + 2*b**2 - 343*b - 1786. Determine m(-16).
118
Let u(a) = -174113*a + 8183325. Determine u(47).
14
Let l(w) = 107*w**2 - 20*w + 6. Calculate l(-1).
133
Let u(h) = -220*h - 193. Calculate u(-9).
1787
Let r(f) = 148*f**3 + 7*f**2 + 6*f - 3. Determine r(0).
-3
Let d(m) = -81442*m - 81629. Give d(-1).
-187
Let z(l) = l**3 - 6*l**2 + 455*l - 4352. Determine z(9).
-14
Let y(t) = 57914*t - 521281. Determine y(9).
-55
Let s(w) = 28*w**3 + 596*w**2 + 174*w + 68. Give s(-21).
-58
Let b(c) = 6*c**2 + 1110*c - 8025. What is b(-192)?
39
Let l(s) = 2*s**3 + 15*s**2 + 630*s + 3671. Give l(-6).
-1
Let k(a) = -21*a**3 + 1723*a**2 - 154*a + 6010. Give k(82).
106
Let k(r) = -162*r**3 - 9*r**2 - 16*r + 18. Calculate k(1).
-169
Let d(y) = 84*y**2 - 36934*y - 36933. Calculate d(-1).
85
Let r(t) = -5785*t - 11554. What is r(-2)?
16
Let o(x) = -21*x**2 + 10543*x + 10062. What is o(503)?
2
Let v(i) = -i**3 + 157*i**2 - 5701*i + 82. Calculate v(100).
-18
Let l(r) = 59*r**2 - 298*r + 600. Calculate l(2).
240
Let t(y) = -2*y**2 + 6*y + 82725. Give t(-203).
-911
Let f(b) = -29*b**2 - 200*b - 73. Give f(-7).
-94
Let b(p) = 138747*p - 7908582. Calculate b(57).
-3
Let o(g) = 57800*g + 57868. Determine o(-1).
68
Let h(b) = -b**2 + 85*b - 1271. Determine h(28).
325
Let u(j) = -15*j**3 - 990*j**2 + 2*j + 51. Give u(-66).
-81
Let w(q) = 4581*q - 41425. What is w(10)?
4385
Let d(n) = -n**2 - 35*n + 1236. Determine d(-48).
612
Let g(v) = v**2 - 9*v + 132. Give g(-8).
268
Let f(n) = -10086*n - 100887. Calculate f(-10).
-27
Let f(y) = 8*y**2 - 83*y - 228. Determine f(-3).
93
Let h(z) = -165*z**2 - 4246*z + 25345. Determine h(5).
-10
Let d(s) = 28222*s + 141120. What is d(-5)?
10
Let o(a) = -314*a - 3152. Calculate o(-10).
-12
Let y(j) = j**3 - 8*j**2 - 32*j + 3. Calculate y(0).
3
Let b(a) = -9971*a + 1236403. What is b(124)?
-1
Let d(p) = -129*p**2 + 458*p - 31. Determine d(4).
-263
Let g(b) = -b**3 + 281*b**2 + 842*b + 2840. Calculate g(284).
0
Let n(o) = -o**2 + 126*o + 21145. Give n(222).
-167
Let p(l) = 8477*l + 2382166. Calculate p(-281).
129
Let j(l) = -1103*l + 25380. Give j(23).
11
Let z(p) = -555*p**3 + 1656*p**2 + 9*p - 16. Give z(3).
-70
Let k(d) = 12*d**3 - 10*d**2 - 1312*d + 6607. Determine k(5).
1297
Let l(h) = -2*h**2 + 584*h + 812800. Determine l(800).
0
Let k(s) = -4*s**3 - 6*s**2 + 333*s - 963. Determine k(4).
17
Let g(v) = -2*v**3 + 210*v**2 + 652*v - 451. Determine g(108).
-19
Let u(x) = -989*x - 49393. Give u(-50).
57
Let j(p) = -p**3 + 28*p**2 + 135*p + 1124. Calculate j(33).
134
Let g(k) = 342*k**2 - 10941*k + 18. What is g(32)?
114
Let q(m) = -1394*m - 259283. Determine q(-186).
1
Let i(j) = -j**3 + 65*j**2 + 470*j - 23741. What is i(67)?
-1229
Let c(y) = -10*y**2 + 4148*y + 379822. What is c(492)?
-2
Let h(d) = -2*d**3 + 52*d**2 - 369*d + 447. Calculate h(15).
-138
Let k(v) = -v**2 + 2252*v - 97065. Calculate k(44).
87
Let q(f) = f**3 - 177*f**2 - 3532*f - 392. Determine q(-18).
4
Let i(h) = -4268*h + 691414. Calculate i(162).
-2
Let s(u) = -440*u - 9815. What is s(-20)?
-1015
Let k(b) = -5841*b**3 + 52568*b**2 - 66*b + 667. Give k(9).
-8
Let q(w) = -114*w + 4301. Give q(29).
995
Let j(i) = -25818*i - 1265073. What is j(-49)?
9
Let p(o) = 1677*o**2 - 249915*o + 6251. What is p(149)?
-7
Let o(m) = -1283318*m - 17966448. What is o(-14)?
4
Let z(x) = -1821*x - 2605845. Calculate z(-1431).
6
Let z(w) = -10*w**3 + 466*w**2 - 247*w - 1337. What is z(46)?
-3
Let t(f) = 361*f**3 - 58*f**2 - 7*f - 4. Calculate t(-2).
-3110
Let x(f) = -f**2 - 300*f + 2148. Calculate x(7).
-1
Let c(m) = 2*m**2 - 712*m - 19801. Determine c(-26).
63
Let b(u) = -19173*u - 1169621. What is b(-61)?
-68
Let i(k) = -568*k - 107056. Determine i(-190).
864
Let k(v) = -8420*v - 3494299. Determine k(-415).
1
Let n(w) = -7*w**3 - 69*w**2 - 76*w - 362. Give n(-9).
-164
Let d(f) = 3*f**3 - 26*f**2 - 419*f + 3782. Determine d(10).
-8
Let f(o) = 25*o**3 - 2*o**2 + 192*o + 193. Give f(-1).
-26
Let i(b) = -3*b**3 + 229*b**2 + 65*b + 6888. What is i(77)?
35
Let p(u) = 1894*u + 7461. What is p(-4)?
-115
Let q(k) = -38557*k + 809651. Give q(21).
-46
Let c(z) = 374*z - 61223. Give c(164).
113
Let v(l) = -2669*l**2 + 5345*l - 38. What is v(2)?
-24
Let u(w) = 2374*w - 28457. Determine u(12).
31
Let v(i) = 11*i**3 + 627*i**2 - 4*i - 219. Give v(-57).
9
Let p(k) = -k**3 - 92*k**2 - 911*k + 145. Calculate p(-81).
1765
Let g(b) = 2*b**3 + 203*b**2 + 808*b + 123. What is g(-4)?
11
Let m(r) = -6*r**2 - 701*r + 266. What is m(-118)?
-560
Let u(v) = 420*v**3 - 7*v**2 - 16*v + 60. Determine u(2).
3360
Let a(l) = l**3 - 39*l**2 + 89*l - 10. Give a(37).
545
Let l(i) = -681*i - 8795. Calculate l(-13).
58
Let j(p) = 178*p + 10842. Calculate j(-48).
2298
Let z(x) = x**2 - 683*x + 48515. Calculate z(81).
-247
Let p(k) = 2*k**3 + 35*k**2 - 75*k - 359. What is p(-19)?
-17
Let y(k) = -5760*k + 18443. Determine y(4).
-4597
Let y(z) = 1062*z - 6354. Give y(6).
18
Let n(g) = 34*g - 5168. Give n(102).
-1700
Let v(d) = 11*d**2 + 780*d - 5582. Calculate v(7).
417
Let s(a) = 151342*a - 13015443. Give s(86).
-31
Let l(b) = -b**3 + 19*b**2 + 1583*b - 1566. Calculate l(-32).
2
Let k(b) = b**3 + 8*b**2 - 245*b - 1611. Determine k(-6).
-69
Let j(t) = -14*t**2 - 12039*t + 36130. Give j(3).
-113
Let k(d) = -290*d**2 + 1780*d - 234. What is k(6)?
6
Let